 what is -3 + 122?
113
In base 3, what is -1202 + 2?
-1200
In base 3, what is 1211 - 10?
1201
In base 14, what is -4 + -49?
-4d
In base 4, what is 20 - 32231?
-32211
In base 8, what is 123 - 14?
107
In base 7, what is 612 + -6?
603
In base 8, what is -101 - -6?
-73
In base 16, what is -7 - -a?
3
In base 4, what is -111 - 0?
-111
In base 4, what is 2013 + -113?
1300
In base 6, what is 112 - -241?
353
In base 12, what is 9 + 405?
412
In base 8, what is -37 - 11?
-50
In base 9, what is 25102 - -2?
25104
In base 13, what is 0 - 32?
-32
In base 13, what is -26 - -9?
-1a
In base 12, what is -2269 - -1?
-2268
In base 4, what is -1 + 11103?
11102
In base 16, what is 31 + -3?
2e
In base 7, what is -10 - -3?
-4
In base 4, what is -202 + -233?
-1101
In base 15, what is -6b6 + 1?
-6b5
In base 14, what is -7 - -47?
40
In base 12, what is -3 - 7?
-a
In base 4, what is -1213 - 12?
-1231
In base 3, what is 212212 - 12?
212200
In base 15, what is -ce - 1?
-d0
In base 3, what is 11222201 - -10?
11222211
In base 11, what is -4 + 48?
44
In base 9, what is -7 + -11?
-18
In base 14, what is -5 + -4b?
-52
In base 10, what is -2 + 475?
473
In base 6, what is -3223 + -111?
-3334
In base 11, what is 1223 + 3?
1226
In base 3, what is 20111 + -12?
20022
In base 5, what is 103 + -3?
100
In base 2, what is 101 - -10111100?
11000001
In base 4, what is -1131233 - 3?
-1131302
In base 8, what is -1220 + -5?
-1225
In base 9, what is 8 + 88?
107
In base 13, what is 3 - -35?
38
In base 12, what is -28b1 + 0?
-28b1
In base 4, what is 23 + -1210?
-1121
In base 10, what is -5 + -740?
-745
In base 13, what is -7 - 131?
-138
In base 13, what is -5 - -4?
-1
In base 13, what is -7 + -25?
-2c
In base 4, what is 2 + 21?
23
In base 13, what is -1a - 0?
-1a
In base 7, what is -104 + -5?
-112
In base 15, what is -8d6 + 14?
-8c2
In base 9, what is 422 - -11?
433
In base 4, what is -2 + 21111?
21103
In base 10, what is -3 + 160?
157
In base 2, what is -1100011101111 - 101?
-1100011110100
In base 2, what is 111000101 + -1010?
110111011
In base 9, what is -8420 + -2?
-8422
In base 15, what is -2 - 90?
-92
In base 16, what is -6 + -66?
-6c
In base 5, what is -12340 - -4?
-12331
In base 16, what is 8f - 0?
8f
In base 4, what is -200 - -10?
-130
In base 13, what is -30 - -15?
-18
In base 10, what is 44 - 53?
-9
In base 14, what is -7d7 + -2?
-7d9
In base 14, what is 37 - 4?
33
In base 4, what is 103 - -10?
113
In base 13, what is -30 - c?
-3c
In base 11, what is 65 + 9?
73
In base 3, what is 0 - 12022?
-12022
In base 15, what is 96 - -3?
99
In base 3, what is 112 - 1012?
-200
In base 4, what is -2 - -1031?
1023
In base 10, what is -68 + 22?
-46
In base 11, what is 13a + 4?
143
In base 12, what is 11 + 39?
4a
In base 7, what is -142554 + -3?
-142560
In base 10, what is 18 - 239?
-221
In base 5, what is 14100 + -4?
14041
In base 8, what is -1 + 7643?
7642
In base 5, what is 2011 + 12?
2023
In base 6, what is 1355 - -14?
1413
In base 5, what is 1 + -3120?
-3114
In base 5, what is 242142 - 10?
242132
In base 12, what is -18 - 7?
-23
In base 9, what is -16 - 0?
-16
In base 8, what is 573 - 11?
562
In base 2, what is 110110011001111 - 100?
110110011001011
In base 4, what is -11 + -300?
-311
In base 16, what is -41c + -4?
-420
In base 6, what is 14505 + -12?
14453
In base 3, what is 21 + 120100?
120121
In base 11, what is 0 - 477?
-477
In base 16, what is bf - -1?
c0
In base 4, what is 22 - -10311?
10333
In base 4, what is 121013 + -2?
121011
In base 15, what is -36 + 3?
-33
In base 10, what is 13 - 36?
-23
In base 3, what is 11020 - 1?
11012
In base 3, what is 20 + 1112?
1202
In base 15, what is 24 - 148?
-124
In base 9, what is -21 + 33?
12
In base 12, what is 768 - 0?
768
In base 13, what is -3a - 2?
-3c
In base 6, what is -11524 + 1?
-11523
In base 15, what is -6 - -1d?
17
In base 15, what is -1 - 221?
-222
In base 10, what is 3 - -77?
80
In base 13, what is 1b - -234?
252
In base 3, what is 1101 - 0?
1101
In base 9, what is -4218 + -2?
-4221
In base 12, what is -17 + -76?
-91
In base 3, what is 10 + -11011?
-11001
In base 13, what is 0 + -845?
-845
In base 14, what is 5 - 2448?
-2443
In base 3, what is 21211 - 2?
21202
In base 12, what is -2 + 152?
150
In base 11, what is 5 - -106?
110
In base 11, what is -14 + -a?
-23
In base 3, what is -10 + 2110020?
2110010
In base 6, what is 2 + -24033?
-24031
In base 16, what is 2 - 3f?
-3d
In base 13, what is -4 - -1365?
1361
In base 2, what is 1000 + 101010001?
101011001
In base 12, what is -15b7 - 5?
-1600
In base 12, what is 3 + -2?
1
In base 7, what is -31 + -24?
-55
In base 11, what is -17 - -29?
12
In base 15, what is -53 - -3?
-50
In base 16, what is 2e0 - -4?
2e4
In base 11, what is a3 + 12?
105
In base 11, what is 4 - 22?
-19
In base 5, what is -14 - 1001?
-1020
In base 16, what is 1201 - 3?
11fe
In base 9, what is 35 + 4?
40
In base 15, what is 1 - c8?
-c7
In base 8, what is -6016 + 1?
-6015
In base 11, what is -1 + 18?
17
In base 4, what is -1200 + -31?
-1231
In base 6, what is -2144 - -10?
-2134
In base 5, what is -4340 + -1?
-4341
In base 7, what is 0 + 40?
40
In base 8, what is 57 + -512?
-433
In base 11, what is 4 + 597?
5a0
In base 2, what is -10101010 + -1?
-10101011
In base 9, what is -16 - -45?
28
In base 7, what is -2 + -6?
-11
In base 11, what is -19 + a5?
87
In base 11, what is 2 - 120?
-119
In base 16, what is -3d - -81?
44
In base 12, what is -3b + 0?
-3b
In base 14, what is -3 - 300?
-303
In base 11, what is -76 - -49?
-28
In base 4, what is 101 + 3202?
3303
In base 12, what is 615 - 7?
60a
In base 13, what is 1 + b?
c
In base 15, what is 1ec3 + 5?
1ec8
In base 6, what is 0 + -24545?
-24545
In base 9, what is 8 - -11?
20
In base 2, what is -100100 + 1000111?
100011
In base 9, what is 20 + 127?
147
In base 9, what is 65 - 5?
60
In base 14, what is 0 + -314?
-314
In base 9, what is -16 - 66?
-83
In base 7, what is -1 + 22?
21
In base 14, what is cc6 + -2?
cc4
In base 15, what is 4 + -19?
-15
In base 10, what is -5 + -8?
-13
In base 3, what is -2010 + -1000?
-10010
In base 2, what is -100 + 1000001?
111101
In base 8, what is -1156 - -5?
-1151
In base 6, what is -41 + 301?
220
In base 8, what is -163 + -4?
-167
In base 7, what is 1666 + 4?
2003
In base 12, what is -b07 - 0?
-b07
In base 10, what is -1052 + -3?
-1055
In base 3, what is 12 + -2220?
-2201
In base 9, what is 6 - -111?
117
In base 9, what is 2488 + 1?
2500
In base 13, what is 1ca - 1b?
1ac
In base 15, what is -47 - 4?
-4b
In base 9, what is -453 + 3?
-450
In base 9, what is -2 - 276?
-278
In base 4, what is -10203121 + -3?
-10203130
In base 7, what is 2 + 44?
46
In base 14, what is 3 - -23d?
242
In base 9, what is -1 - -30?
28
In base 6, what is -54214 + -1?
-54215
In base 5, what is -323 - 141?
-1014
In base 6, what is -1 + 4?
3
In base 10, what is 20464 - -1?
20465
In base 12, what is -5 + -b8b?
-b94
In base 12, what is 2 - 17?
-15
In base 15, what is -3 - -19?
16
In base 14, what is 4972 + 1?
4973
In base 4, what is -10 - -13010?
13000
In base 7, what is 6016 + -1?
6015
In base 7, what is 6 + -350?
-341
In base 13, what is 0 - 14?
-14
In base 13, what is -9 + 4?
-5
In base 2, what is 11 + 1000111100101?
1000111101000
In base 6, what is -43 - -45?
2
In base 10, what is 63 - -2?
65
In base 6, what is -4110 + -5?
-4115
In base 10, what is -34 - -448?
414
In base 16, what is -16 - -13?
-3
In base 14, what is -285 + 4?
-281
In base 2, what is -11101 - -1010?
-10011
In base 9, what is 5 - -173?
178
In base 2, what is 10 + -1100?
-1010
In base 8, what is 1 - -742?
743
In base 12, what is b - -2?
11
In base 7, what is 4 - -233?
240
In base 16, what is 24c + -1?
24b
In base 12, what is 7b1 + 2?
7b3
In base 10, what is 209 - -3?
212
In base 16, what is 2 + -dd?
-db
In base 5, what is -433 - 4?
-442
In base 7, what is -33 + 4?
-26
In base 10, what is 266 - 4?
262
In base 7, what is -11 - -2341?
2330
In base 4, what is 10 - -110003?
110013
In base 3, what is -1220120 + 11?
-1220102
In base 4, what is -133 - -112?
-21
In base 4, what is -131230 - 1?
-131231
In base 6, what is 0 + -35?
-35
In base 3, what is -1 + -112112?
-112120
In base 3, what is 2 - 10010?
-10001
In base 4, what is 12132 + 3?
12201
In base 14, what is 26 + 215?
23b
In base 4, what is -11 - 102202?
-102213
In base 6